s of m(b).
2
Suppose 0 = -10*b + 275 + 245. What are the prime factors of b?
2, 13
Suppose 2*q + 2*j - 12 = 0, -2*q - j = -0*j - 11. Suppose 0 = -2*g + 3*f + 16, 0 = -g + q*g - 4*f - 24. Let t = g - 0. What are the prime factors of t?
2
Suppose -3*p = -8*p + 5. Let m = p - -1. Suppose 0*r + 28 = m*r. List the prime factors of r.
2, 7
Suppose 5*t = o + 3*o - 5, 1 = -4*o - t. Let m(c) = -c**3 - c**2 + c + 34. List the prime factors of m(o).
2, 17
Suppose 20*w + 1600 = 30*w. List the prime factors of w.
2, 5
Let z be 1/4 + (-15)/(-4). Suppose 0 = -2*n + 6*n. Suppose -q + k + 12 = z*q, n = -4*q - 4*k. List the prime factors of q.
2
Suppose w + 2*s = -3*w + 72, -3*s + 88 = 5*w. What are the prime factors of w?
2, 5
Suppose 5*d - 19 = -4. Suppose -16 = -d*b + j, -2*b + 3*j = 4 - 17. What are the prime factors of b?
5
Suppose -2*t - 10 = -0*t. Let w = -2 - t. What are the prime factors of w?
3
Let v = 0 + 1. Suppose 0 = o - 8 - v. What are the prime factors of o?
3
Let v(g) = -g**3 + 13*g**2 - 7*g - 3. List the prime factors of v(12).
3, 19
Let s(z) = -12*z + 3. Let r(l) = -18*l + 5. Let o(i) = 5*r(i) - 8*s(i). List the prime factors of o(4).
5
Let g = 2 - 0. Suppose -2*n + g*k + 30 = 2*n, -n + 5 = -k. What are the prime factors of n?
2, 5
Suppose -4*r + 5 = r. Let j = 9 + r. List the prime factors of j.
2, 5
List the prime factors of 3333/22 + (-2*1)/(-4).
2, 19
Let k = -8 - -12. List the prime factors of k.
2
Suppose 0 = -o - 2*o - 4*z - 48, 3*o = -3*z - 48. Suppose 2*y - 2*p - 36 = 3*p, 100 = 3*y + 4*p. Let d = o + y. List the prime factors of d.
2, 3
Suppose -2*r - 5*l - 19 = 0, -l - 2 = r - 0. Let c = r + -1. Suppose -2*j = 3*j, c*z = j + 14. What are the prime factors of z?
7
Let g be (-4)/(-18) + (-264)/(-27). Suppose 2*r - 2*v = g, -4*r - 4*v + 44 = -0*r. List the prime factors of r.
2
Let o = 17 + -15. Let r = o - -29. What are the prime factors of r?
31
Let x(m) = m**3 - 12*m**2 + 13. What are the prime factors of x(12)?
13
Suppose 2*f = j + 5, 0*f + 2*f - 15 = -j. Suppose -4*u = -k - 3*k + 12, 2*k - 5 = 3*u. Let v = u + j. List the prime factors of v.
2, 3
List the prime factors of (-2 + 3)/((-4)/(-72)).
2, 3
Suppose 5 = 2*r + 1. What are the prime factors of (-33*r)/(-1 - 1)?
3, 11
What are the prime factors of (4/(-5))/((-78)/26715)?
2, 137
Let r(x) = -x**3 + 3*x**2 - 3*x + 2. Let z be r(2). Suppose -4*d - 2*n = z, 2*d + 16 = -5*n - 0. List the prime factors of d.
2
Let x(i) = i**3 - 8*i**2 - 10*i + 10. Let w be x(9). Suppose 5*l = 27 + 3. Suppose -5*h - 2*n = 2*n - l, w = 3*h + 5*n. What are the prime factors of h?
2
Suppose -x + 6*x = -5. What are the prime factors of -1 + (-2 - x)*-24?
23
Let w = 2 - -4. Let f be ((-3)/w)/((-3)/(-24)). List the prime factors of (-1)/((-2)/f*-1).
2
Let k be ((-180)/25)/(4/(-30)). Suppose -k = -3*z - 3. List the prime factors of z.
17
Let d be ((-26)/(-4))/(2/20). Suppose 8*q = 3*q + d. Suppose -4*u = 0, -5 + q = a - 5*u. What are the prime factors of a?
2
Let u(t) = 3*t**2 - 2*t - 6. What are the prime factors of u(-3)?
3
Suppose 0 = 2*n + 4*w - 16, n - 16 = 4*n - 2*w. Let i = -2 - n. Let a = i + 2. List the prime factors of a.
2
Suppose -q = q - 62. List the prime factors of q.
31
What are the prime factors of ((-6)/(-5))/(9/1590)?
2, 53
Suppose -5*t - 2*k = -10, 4*t + 2*k - 7*k - 8 = 0. Suppose t*i + f + 88 = i, i + 84 = 3*f. What are the prime factors of i/(-9) + (-4)/6?
3
Suppose 0 = 4*o - 0*f - 4*f - 8, f = 2. List the prime factors of (o - 1) + -2 + 42.
43
Suppose i - 4*o = 83, -4*o = 7*i - 11*i + 308. What are the prime factors of i?
3, 5
Let q be -106*((-4 - -2) + 0). Suppose 5*b - q = -37. What are the prime factors of b?
5, 7
Suppose 3 = -l - m, -l = -0*m - 3*m - 17. What are the prime factors of -1*(-51)/6*l?
17
List the prime factors of 2*(-5)/(30/(-21)).
7
Let g be 1/1*-1 + 3. Suppose 0 = -5*t + 4*z + 43, t = g*t + 4*z + 1. List the prime factors of t.
7
Suppose -4*t + 62 + 30 = 4*l, 0 = 2*t + 10. What are the prime factors of l?
2, 7
Suppose 18 = 6*i - 6. List the prime factors of i.
2
Suppose -4*v = -0*v + 4*c - 92, -32 = -2*v + 5*c. Let a = 20 - 28. Let j = v + a. What are the prime factors of j?
13
Let t(y) = 26*y**2 - 2. Let i be t(2). Suppose 0*q - i = -5*v + q, 0 = -2*v + 4*q + 48. What are the prime factors of v?
2, 5
Suppose 0 = -5*x + 15, 586 + 1448 = 3*a + 2*x. Let j be (-4)/(-18) - a/(-36). Suppose -4*l = -25 - j. What are the prime factors of l?
11
Suppose 2*c = -5*y + 171 + 191, 2*y + 4*c - 132 = 0. What are the prime factors of y?
2, 37
Let n(z) = z**2 + 29. What are the prime factors of n(0)?
29
Suppose 0 = -0*r + r - 472. What are the prime factors of (-4)/(-14) - r/(-14)?
2, 17
Let h = 11 + -6. Suppose 0*c + c + h = 0. Let y = c + 15. What are the prime factors of y?
2, 5
Let o = -10 - -19. Suppose -l = -0*l - o. Suppose 100 - 9 = 5*x + 2*s, x - l = -5*s. What are the prime factors of x?
19
Suppose 4*t + 2 = 10. List the prime factors of (10/(-20))/(t/(-120)).
2, 3, 5
Suppose -5*d + x + 293 = 0, 287 = d + 4*d - 4*x. What are the prime factors of d?
59
Let t(i) = 1 - i**2 + 1 + i - 8*i. Suppose 2*j = 2*z - 12, 4*z = -z + 5. List the prime factors of t(j).
2, 3
Suppose 0 = 3*j - 4*w - 11, w = 3 - 8. Let k be 2/(-4)*(j + -3). Suppose -k*m + 5*m = 22. What are the prime factors of m?
11
Let k(y) = -5*y**2 - 4*y - 3. Let q be k(-3). Let l = 8 - q. What are the prime factors of l?
2, 11
What are the prime factors of (-4)/10 + (-114)/(-10) + -4?
7
Let u be 5 - 2/3*-3. Suppose -u*c + 2*c = 0. Suppose c = -3*a + 8 + 22. What are the prime factors of a?
2, 5
Let m(u) = -u**3 - 11*u**2 - 25*u - 15. List the prime factors of m(-10).
3, 5
What are the prime factors of (-2)/(-8)*2*106?
53
Let q = 4 - 0. Let g(y) = y**3 - 3*y**2 - 3. List the prime factors of g(q).
13
Let c be (1 + 16/3)*3. Suppose 0 = -4*p - c + 123. What are the prime factors of p?
2, 13
Suppose -3*a + 4 + 5 = 0. Suppose -12 = a*l, 2*t = -0*t + 3*l + 6. Let m(w) = -5*w - 1. What are the prime factors of m(t)?
2, 7
Suppose 2*h + 3*v - 164 = 0, -3*h - 4*v + 56 = -190. List the prime factors of h.
2, 41
Suppose 3*c = -4*n + 29, 3*c + 3*n - 15 = 6*n. Let y(x) = -x**2 - 2*x - c*x + x - 3. What are the prime factors of y(-5)?
2, 3
Suppose 4*d = n + 2*n + 28, 4*d = -4*n + 56. Let a = -7 + d. Suppose 0 = f + j - 2, 0 = -4*f - a*j - 5 + 15. What are the prime factors of f?
2
Suppose -2*s = -3*d + 2*d + 140, 59 = -s - 5*d. Let b = s + 113. What are the prime factors of b?
2, 11
Suppose -2*s + 9 = 5*k, k - 2*s = -6*s - 9. Suppose 3*b - 2*t - 61 = -3*t, 12 = k*t. List the prime factors of b.
19
Let q(w) = -w**3 - 8*w**2 - 6*w + 1. Let l be q(-7). Let z(v) = 0 - 11*v + 3*v - 7 - v**2. List the prime factors of z(l).
5
Suppose 0 = -5*j - 5*c - 10, 3*c - c - 6 = 3*j. Let t be -1 - (-3)/((-6)/j). Suppose u - 4 + 1 = t. List the prime factors of u.
3
Suppose 13*o - 105 = 10*o. List the prime factors of o.
5, 7
Let y = 22 + -18. Let s be (-6)/8*(-2 + -10). Suppose s*u - 25 = y*u. What are the prime factors of u?
5
List the prime factors of ((-2)/3)/(8/(-204)).
17
Suppose -d + 0*v + 11 = 5*v, 13 = 3*d + 5*v. Let c be 2/(3/3) - d. List the prime factors of 0 - c - 48/(-3).
3, 5
Suppose 3*q - 49 = 215. What are the prime factors of q?
2, 11
Let u = -3 - -5. Suppose -6 = -z + 5*x, u*z - 2*x = 3*x + 17. Suppose 4*s + j - z = 25, -2*j - 18 = -2*s. What are the prime factors of s?
3
Let k(w) = w**3 + 8*w**2 + 3*w - 5. List the prime factors of k(-5).
5, 11
Let f = -16 + 19. Suppose -r + 48 = -3*i, 4*r = r + f*i + 126. What are the prime factors of r?
3, 13
Let b = -3 + 2. Let l(r) be the second derivative of 5*r**4/12 + r**3/3 + r**2/2 - 2*r. What are the prime factors of l(b)?
2
Let q = -4 - -6. Let d be 6/(-9)*6/q. Let o(r) = -2*r + 1. What are the prime factors of o(d)?
5
Suppose 10*b - 11*b + 31 = 0. List the prime factors of b.
31
Let k be 18/4 + (-3)/6. Let z(w) = 9*w - 17. Let p(n) = -5*n + 9. Let h(s) = 5*p(s) + 3*z(s). What are the prime factors of h(k)?
2
Let s = 9 + 12. Let n = -11 + s. What are the prime factors of n?
2, 5
Let k = -32 + -1. Let s = k - -46. What are the prime factors of s?
13
Suppose 2*f + 0*f - 30 = 0. Suppose -4*b - 17 = -m, 0 = 3*m - 2*m + 3*b + 4. Suppose -f - m = -2*u. List the prime factors of u.
2, 5
S